llions digit of 165645318?
5
What is the thousands digit of 227511226?
1
What is the hundreds digit of 668828143?
1
What is the hundred thousands digit of 3706497673?
4
What is the ten thousands digit of 1142444254?
4
What is the hundred thousands digit of 19269489?
2
What is the tens digit of 2042287810?
1
What is the billions digit of 2575657409?
2
What is the millions digit of 588858347?
8
What is the thousands digit of 714960184?
0
What is the thousands digit of 291364641?
4
What is the ten thousands digit of 73136686?
3
What is the hundred thousands digit of 975160696?
1
What is the tens digit of 152012571?
7
What is the ten thousands digit of 303963649?
6
What is the hundred thousands digit of 70304649?
3
What is the ten millions digit of 56287207?
5
What is the units digit of 745591024?
4
What is the millions digit of 136871189?
6
What is the ten thousands digit of 69338993?
3
What is the thousands digit of 56886208?
6
What is the thousands digit of 556861811?
1
What is the millions digit of 131209242?
1
What is the millions digit of 341059207?
1
What is the hundred thousands digit of 873272802?
2
What is the millions digit of 175158355?
5
What is the hundreds digit of 812681843?
8
What is the ten thousands digit of 14205939?
0
What is the hundred millions digit of 238802686?
2
What is the ten thousands digit of 480284640?
8
What is the ten thousands digit of 7672008?
7
What is the hundred thousands digit of 177128580?
1
What is the thousands digit of 11110010?
0
What is the millions digit of 15846208?
5
What is the millions digit of 1053694459?
3
What is the thousands digit of 224077913?
7
What is the hundred thousands digit of 891202550?
2
What is the hundred thousands digit of 10832845?
8
What is the units digit of 373462919?
9
What is the ten thousands digit of 3071078311?
7
What is the ten thousands digit of 620280878?
8
What is the thousands digit of 20555741?
5
What is the ten thousands digit of 25449027?
4
What is the thousands digit of 47845913?
5
What is the ten millions digit of 162491356?
6
What is the millions digit of 48110940?
8
What is the thousands digit of 4825211017?
1
What is the tens digit of 1432007970?
7
What is the tens digit of 53149573?
7
What is the tens digit of 77291804?
0
What is the ten millions digit of 92242967?
9
What is the hundred thousands digit of 3321442?
3
What is the tens digit of 65471177?
7
What is the hundreds digit of 88431005?
0
What is the thousands digit of 60705841?
5
What is the thousands digit of 653889622?
9
What is the hundreds digit of 1656332011?
0
What is the hundred millions digit of 144571799?
1
What is the units digit of 31758215?
5
What is the hundred millions digit of 1804983703?
8
What is the hundred thousands digit of 5786899?
7
What is the ten thousands digit of 7079728?
7
What is the ten thousands digit of 31495335?
9
What is the units digit of 171349943?
3
What is the hundred millions digit of 684973047?
6
What is the hundreds digit of 168482801?
8
What is the thousands digit of 63796970?
6
What is the units digit of 226959702?
2
What is the billions digit of 1638488570?
1
What is the hundred thousands digit of 12302934?
3
What is the hundred thousands digit of 1713663925?
6
What is the units digit of 709326358?
8
What is the thousands digit of 67216558?
6
What is the thousands digit of 73629275?
9
What is the ten millions digit of 48447662?
4
What is the ten thousands digit of 5128875?
2
What is the hundreds digit of 28452155?
1
What is the ten thousands digit of 13563775?
6
What is the hundreds digit of 1243675111?
1
What is the thousands digit of 743017073?
7
What is the thousands digit of 225887987?
7
What is the ten thousands digit of 45459829?
5
What is the hundred thousands digit of 270284082?
2
What is the units digit of 58780552?
2
What is the hundred millions digit of 126145812?
1
What is the hundred thousands digit of 471852550?
8
What is the ten millions digit of 1625603893?
2
What is the billions digit of 5079063717?
5
What is the tens digit of 1753153?
5
What is the ten thousands digit of 211850125?
5
What is the units digit of 662133674?
4
What is the tens digit of 4780163?
6
What is the hundreds digit of 408758844?
8
What is the tens digit of 102783362?
6
What is the ten thousands digit of 34284038?
8
What is the hundred millions digit of 331533877?
3
What is the ten millions digit of 94186696?
9
What is the hundred millions digit of 467435996?
4
What is the thousands digit of 1225067649?
7
What is the tens digit of 51354335?
3
What is the ten thousands digit of 390275535?
7
What is the units digit of 150088260?
0
What is the thousands digit of 91702780?
2
What is the tens digit of 128020024?
2
What is the hundred thousands digit of 1095551932?
5
What is the units digit of 612771921?
1
What is the hundred thousands digit of 1693205255?
2
What is the thousands digit of 11104076?
4
What is the tens digit of 49356624?
2
What is the hundreds digit of 154057782?
7
What is the hundred thousands digit of 60139567?
1
What is the hundred thousands digit of 5602520729?
5
What is the hundred thousands digit of 5526550767?
5
What is the billions digit of 1905209907?
1
What is the tens digit of 8472920?
2
What is the thousands digit of 3408416815?
6
What is the ten millions digit of 74760323?
7
What is the millions digit of 423836867?
3
What is the hundreds digit of 89342377?
3
What is the hundreds digit of 34216959?
9
What is the units digit of 4363583768?
8
What is the hundred thousands digit of 178443476?
4
What is the hundreds digit of 1328850399?
3
What is the hundred thousands digit of 4928493134?
4
What is the hundred millions digit of 697030366?
6
What is the hundred thousands digit of 7788549?
7
What is the units digit of 23379190?
0
What is the tens digit of 3658671214?
1
What is the units digit of 1032801244?
4
What is the thousands digit of 21291620?
1
What is the millions digit of 207689035?
7
What is the hundreds digit of 288426094?
0
What is the hundreds digit of 1428288050?
0
What is the units digit of 763863597?
7
What is the thousands digit of 228162242?
2
What is the hundred millions digit of 132068589?
1
What is the billions digit of 3712704003?
3
What is the hundred thousands digit of 1392866730?
8
What is the hundreds digit of 43429456?
4
What is the hundred millions digit of 279518745?
2
What is the tens digit of 53906416?
1
What is the millions digit of 7902762579?
2
What is the ten thousands digit of 289055352?
5
What is the millions digit of 435177029?
5
What is the ten millions digit of 49805721?
4
What is the hundreds digit of 29318383?
3
What is the hundreds digit of 644979854?
8
What is the millions digit of 209501078?
9
What is the hundred thousands digit of 19623392?
6
What is the millions digit of 133598049?
3
What is the thousands digit of 1736470095?
0
What is the units digit of 45271112?
2
What is the millions digit of 112293086?
2
What is the hundred millions digit of 124790702?
1
What is the ten thousands digit of 239692439?
9
What is the hundreds digit of 22978417?
4
What is the hundred thousands digit of 15461259?
4
What is the thousands digit of 465994523?
4
What is the thousands digit of 1162206811?
6
What is the millions digit of 51879489?
1
What is the millions digit of 605094455?
5
What is the ten millions digit of 15497269?
1
What is the hundreds digit of 1545660124?
1
What is the hundred thousands digit of 20663667?
6
What is the tens digit of 1219269064?
6
What is the tens digit of 38181079?
7
What is the ten millions digit of 1067708255?
6
What is the thousands digit of 1357551927?
1
What is the ten millions digit of 128725005?
2
What is the hundred thousands digit of 389017024?
0
What is the thousands digit of 67177724?
7
What is the millions digit of 343822985?
3
What is the thousands digit of 206958894?
8
What is the millions digit of 266930058?
6
What is the tens digit of 3017068992?
9
What is the millions digit of 44107131?
4
What is the units digit of 255547351?
1
What is the units digit of 135669918?
8
What is the units digit of 61312304?
4
What is the ten thousands digit of 172705185?
0
What is the units digit of 15806014?
4
What is the millions digit of 151968354?
1
What is the tens digit of 4302484879?
7
W